21201 = -7536. What is the tens digit of u?
3
Suppose 4*x - 29*p = -27*p + 99208, -5*x = -5*p - 124005. What is the ten thousands digit of x?
2
Let f(d) = 7*d**2 - 49*d + 1. Let t(w) = 15*w**2 - 99*w + 2. Let j(n) = -13*f(n) + 6*t(n). What is the tens digit of j(9)?
0
Suppose 5*w + t = 186548, 8*t = 11*t - 24. What is the ten thousands digit of w?
3
Let l(v) = 8*v**3 + 9*v**2 - 7*v + 8. Let u be l(8). Suppose -10*q = -12*q + u. Suppose 0 = 4*o - 12*o + q. What is the hundreds digit of o?
2
Suppose -45*x = -5497 + 1267. Suppose 17 = w + 4. Suppose 0 = f - w - x. What is the tens digit of f?
0
Let a(x) = 3*x**2 + 24*x - 6. Let b be a(-10). Suppose 46*g = b*g - 1120. What is the tens digit of g?
4
Suppose 0 = 3*q + 3 + 9. What is the tens digit of q*163*(-8)/4?
0
Let o be ((1630/(-6))/(-5))/((-4)/24). What is the hundreds digit of (-7)/42*o*18/2?
4
Let r be (90/75)/(2/35). What is the tens digit of (-2 - r/14)*-238?
3
Suppose -5*k = 4*k - 63. Suppose k = -0*f + 3*f - 2*p, p = 5*f - 14. What is the tens digit of f/1 + (-1768)/(-13)?
3
Let o(u) = 1911*u**2 - 9*u - 10. What is the units digit of o(-2)?
2
Suppose 0*p - 3*p + 3 = 0, p = 4*n - 31. Let b(l) = 3*l - 20. Let m be b(n). Suppose m*v - 9*v = -605. What is the hundreds digit of v?
1
Suppose -16*b + 28432 = 8032. What is the tens digit of b?
7
Suppose -5*o + 1 = -39. Suppose -11*p + o*p - 144 = 0. What is the tens digit of (2 - p) + -6 + 5?
4
Suppose -i = -z + 2*z - 52507, 5*z = 20. What is the hundreds digit of i?
5
Let s(v) = v**2 + 2*v - 1. Let o(l) = l**2 + 10*l + 19. Let g(h) = -o(h) + 4*s(h). What is the tens digit of g(16)?
1
Let n(k) = 5*k - 16. Let o be n(5). What is the units digit of 8124/36 + 3/o?
6
Suppose d - 3*x = 4368 - 839, 0 = -d - 3*x + 3487. What is the thousands digit of d?
3
Let a(z) be the first derivative of 97*z**2/2 - 141*z - 120. What is the hundreds digit of a(11)?
9
Let p = 17 + 30. Suppose -3*r + 38 - p = 0. What is the tens digit of (-2136)/(-27) + r/27?
7
What is the tens digit of (14415/(-90))/31*(-22488)/4?
4
Suppose -5*d = -150198 + 78. Suppose 0 = -24*y + 42*y - d. What is the tens digit of y?
6
Let y be 98/6 - 0 - (-3)/(-9). Suppose -4*o - y = -4*x, 5*x + 3*o + 12 = 2*x. Suppose 4*f + x*f - 188 = -2*q, f + 481 = 5*q. What is the tens digit of q?
9
Suppose 0 = 25*y - 602202 - 218898. What is the units digit of y?
4
Let w be (-1)/(2/(1 + 1)). Let n be 46 + (-6 - (12 + -2)). What is the tens digit of w - -45 - (n + -33)?
4
Let b(d) be the first derivative of 10*d**3 - 6*d**2 - 3*d**3 + 5 + 7*d**2 + 3*d. What is the tens digit of b(-2)?
8
What is the tens digit of -5 + -1 + (5 - (18 - 12264))?
4
Let m be 442/78 - (-1)/3. Suppose m*g = -1744 + 4462. What is the tens digit of g?
5
Suppose 6*v = 2*c + 8*v - 6, 3*c = -4*v + 10. What is the hundreds digit of c/6 - 3940/(-15)?
2
Let c = 21658 - 14951. What is the tens digit of c?
0
Suppose 0 = 4*f + 3*n - 6715, 3*f - 82*n + 84*n = 5035. What is the units digit of f?
5
Let k = 353 - 350. Suppose -2*q - 1806 = -3*g, -2*q = k*q + 15. What is the hundreds digit of g?
6
Suppose 2*j - 3*o - 95174 = 0, 5*j + 5*o - 10506 - 227404 = 0. What is the tens digit of j?
8
Suppose -2*z = 12 - 34. Let b(i) = i - 8. Let t be b(z). Suppose -5*a + 111 = n, -4*n + 411 = 5*a - t. What is the units digit of n?
1
Suppose -103*f = -34*f + 84*f - 2189736. What is the thousands digit of f?
4
Let g = 737 - 795. Let m(d) = -10*d - 96. What is the tens digit of m(g)?
8
Suppose -2 = g, i + 1520 = 2*i + 2*g. Suppose -7*n = -233 - i. Let t = n + -176. What is the tens digit of t?
7
Let z(o) = 2201*o**2 - 55*o + 99. What is the ten thousands digit of z(-4)?
3
Suppose -522 = -236*r + 230*r. Suppose -9772 = -r*k + 80*k. What is the units digit of k?
6
Let a be (-3)/(36/(-61016))*33/22. Suppose 25 - a = -7*q. What is the units digit of q?
6
Suppose 417443 - 1443963 = -0*m - 88*m. What is the ten thousands digit of m?
1
Suppose -4*y - 6 = -y. Let h be 27 + -1 + (17 - 9) + -5. Let q = h + y. What is the tens digit of q?
2
Let s = -132 + 136. Suppose -3*y = -s*b + 86, -3*y + 4*y + 2*b = -32. Let o = y - -255. What is the hundreds digit of o?
2
What is the tens digit of (-18)/(-27)*297/(-4)*(-1400 - -10)?
0
Let v(d) be the third derivative of d**4/4 - 9*d**3/2 + 31*d**2. Let i(c) = -12*c + 54. Let s(z) = 2*i(z) + 5*v(z). What is the units digit of s(11)?
9
Suppose 96 = 3*m - 2*l, 3*m - 3*l - 92 = 1. Let c(u) = -2*u - 31. Let q be c(-17). Suppose -w + m = -2*r + 511, 2*w = q*r - 717. What is the units digit of r?
7
Suppose 9*f = -5*x + 14*f + 40940, 2*f + 24559 = 3*x. What is the hundreds digit of x?
1
Let l be (4 - -14) + 3 + -1. Suppose 11*c - l = c. Suppose 0 = -c*f - 6*o + 10*o + 72, -5*f = -3*o - 215. What is the units digit of f?
6
Suppose 7*p - 3*z = 2*p + 15, 2*p = -3*z - 15. Suppose p = 4*y - 1419 - 17. What is the tens digit of y?
5
Let s = -13207 + 20539. What is the thousands digit of s?
7
Let k(l) = -27*l**2 + 7*l - 3. Let i be k(3). Let p = -132 - i. What is the units digit of p?
3
What is the tens digit of ((-1)/(12/(-51)))/(16/115072)?
6
Suppose 15 + 25 = 5*j. Suppose -3*u = 5*p + 289, 3*u - u - 50 = p. What is the units digit of (-3)/j - 4949/p?
8
Suppose -3*s + 49 = 4. Suppose s = -3*z, 0 = -2*t - 5*z - 17 + 2. What is the tens digit of -5 + (-564)/(t - 7)?
7
Let n = 1854 - -6807. What is the tens digit of n?
6
Suppose 37*p - 224*p = -17*p - 408510. What is the tens digit of p?
0
Suppose -4*t + 3*t = -5*u + 1695, 2*u = -5*t + 678. Suppose -4*o + u = -733. What is the tens digit of o/6 - (-1)/3?
4
Suppose 32*g - 287877 - 1812475 = 0. What is the thousands digit of g?
5
Let s(i) = 15*i**2 - i + 4. Let t be s(2). Let d = -57 + t. Suppose -d*o + 280 = -o. What is the units digit of o?
0
What is the hundreds digit of 14*2/8 + 48475/14?
4
Let n(t) = t**2 + 6*t + 5. Let w be n(-6). Suppose -w*x + 410 = -5*v, -v - 2*x - 85 = -0*x. Let r = 125 + v. What is the tens digit of r?
4
Suppose d + 2*d = 2*y + 28329, -28305 = 2*y + 5*d. Let h be 3 - (y/25 + 2/5). Suppose h = 2*z + 109. What is the hundreds digit of z?
2
Suppose -114*q + 396282 + 1264356 = 0. What is the ten thousands digit of q?
1
Let t(b) = -4*b**3 - b**2 + 14*b - 8. Let v(i) = i**3. Let p(j) = -t(j) - 3*v(j). What is the units digit of p(6)?
6
Suppose -4*u - 28 = k, 5*k + 14 = 3*u - 5*u. Let w = -3 - u. Suppose 5*s = 5*t + 630, -w*t = s + s - 264. What is the hundreds digit of s?
1
What is the tens digit of (-17 + 26)/((-12)/(-6916))?
8
Let d(i) = 156*i + 242. Let h be -5 - (4/2)/((-62)/279). What is the units digit of d(h)?
6
Let s = 32806 + -14582. What is the units digit of s?
4
What is the tens digit of (397 - 3) + 127 + -122?
9
Suppose 6186910 + 5602124 = 389*c. What is the units digit of c?
6
Let r(b) = 644*b + 30*b**2 - 6 + 2 - 639*b - b**3. What is the hundreds digit of r(30)?
1
Suppose 13*a = -19*a + 170944. What is the units digit of a?
2
Let h(v) = -5*v + 3. Let z be 3 + -14*(-2)/(-4). Let t(c) = -c - 1. Let w(p) = z*t(p) + h(p). What is the tens digit of w(-13)?
2
Suppose -8*k = -6*k - 3*q - 2993, 5*k + 5*q = 7545. What is the hundreds digit of k?
5
Let a(h) = -168*h**2 - 10*h - 10. Let w(p) = -84*p**2 - 5*p - 5. Let m(n) = -3*a(n) + 5*w(n). Let b be m(-1). Let s = -66 + b. What is the units digit of s?
8
Let m(p) = p**2 + 14*p - 10. Let c = 2 - 1. Let l be (-17)/(-1)*c*-1. What is the tens digit of m(l)?
4
Let n = 6851 + -2120. What is the thousands digit of n?
4
Suppose x + 2 = -2*q + 5, 3*q = x - 13. Let m(c) = 2*c**2 - 5*c + 20. What is the units digit of m(x)?
3
Suppose -y + 1179360 = 26*y - 6*y. What is the units digit of y?
0
Let u(z) = -7*z**2 + 20*z + 71. Let l(d) = 10*d**2 - 31*d - 106. Let b(n) = -5*l(n) - 7*u(n). What is the tens digit of b(16)?
1
Let x = -6921 - -16246. What is the hundreds digit of x?
3
Suppose 0*o - 12 = a - 5*o, -2*o = 0. What is the units digit of (8/a)/(8/(-8364))?
7
Let n(u) = 2204*u + 1522. What is the tens digit of n(10)?
6
Suppose 2402*g - 2405*g + 217537 = 4*c, 0 = 4*g + c - 290045. What is the hundreds digit of g?
5
Suppose 1 = y - 3*o, 0*y - 5*y + 22 = 2*o. Suppose 8*a = y*a. Suppose -5*p = -a*p - 570. What is the tens digit of p?
1
Let d(a) be the third derivative of a**6/12 + 7*a**5/60 - a**4/24 + 9*a**3/2 + 93*a**2 + 2. What is